2 + 9*j - 11. Let a be z(7). Suppose 0 = -a*i + 3*f + 63525, 4 = 5*f + 24. Is i prime?
False
Suppose 0 = -14*j + 19 + 23. Suppose 2*x - 5158 = -d, 0 = 2*x + j*x - 5*d - 12925. Is x a composite number?
True
Let s = -124338 - -198284. Is s a prime number?
False
Let z(v) = 2*v + 929. Let d(o) be the second derivative of o**3/6 - 9*o. Let y(t) = d(t) + z(t). Is y(0) prime?
True
Let a(s) = 2*s**3 + 7*s**2 + 45*s + 10. Let x be a(22). Is (x/(-10))/((-8)/20) prime?
True
Let s be (4 - 3)/((-44)/14 + 3). Is (-31547)/s + 18/63 a prime number?
True
Let a = -424 - -459. Let k = a - -263. Is k a composite number?
True
Suppose 20*c = -4*d + 16*c + 589496, 4*d - 589520 = 4*c. Is d composite?
False
Let g(o) be the second derivative of 223*o**3/6 + 10*o**2 + 29*o. Let v be g(-6). Let w = v + 2213. Is w a prime number?
False
Suppose -49621 = -3*a - 4*o, -82699 = -4*a - a - 4*o. Suppose 0 = -3*g + 4*g - a. Suppose -3932 = 7*p - g. Is p composite?
False
Let u(a) = a**3 + 27*a**2 + 28*a - 20. Let p be u(-27). Let i = 1035 - p. Is i prime?
True
Let g = -9325 - -1728. Let n = 4318 - g. Is n composite?
True
Suppose 5 = -23*k - 202. Is -7093*(k + 5 - -3) a prime number?
False
Suppose 0 = -46*g + 1930525 + 3841555. Suppose g = 13*s - 81285. Is s composite?
True
Suppose -33*j = -26*j - 345443. Is j prime?
False
Suppose 4*b - 86 = 2*h, -2*b + 5*b - 67 = h. Suppose 2*a = 0, 5*u = 3*u - a + b. Is u/(-78) - (14965/13)/(-1) a prime number?
True
Suppose -4*y + 4 = 0, 2*s = -5*y + 1283672 + 30517. Is s/20 + 8/20 composite?
True
Let o(b) = 177726*b**2 + 12*b + 41. Is o(-2) a prime number?
False
Let f(u) = u**2 - 21*u + 55. Let h be f(18). Let q be ((-2)/(-3))/(h - 2)*-14358. Let m = -4887 + q. Is m a prime number?
False
Suppose -4*x + 78 = 3*k, -3*k + x = -x - 78. Suppose 5*z + 64 = -k. Is (8/6)/(z/(-81)) a composite number?
True
Suppose -5*g - 4*i + 548187 = 0, 5*g - i = 748096 - 199899. Is g a composite number?
False
Let v(d) = -1048 - 5*d**2 - 10*d**3 - d**2 + 4*d**3 + 5*d - 4*d. Let n(b) = -b**3 - b**2 - 1. Let r(f) = 5*n(f) - v(f). Is r(0) composite?
True
Let u = 4062 - 2104. Let h = 4537 - u. Is h a composite number?
False
Is ((-4184)/(-12))/(4/1266) composite?
True
Suppose -13*p + 10*p - 3*x = -55863, -4*p + x = -74464. Is p composite?
False
Let z(c) = 14913*c**2 + 83*c + 165. Is z(-2) a prime number?
True
Suppose -q - 2*q + 25 = -2*l, -5*l = 4*q + 5. Suppose 5*d - 4549 = 4*s - s, -q*s = -d + 901. Let p = 2052 - d. Is p a composite number?
True
Let d(f) = 14*f**2 + f**2 + 12*f**2 + 4*f - 14*f**2 - 1. Let n be d(3). Suppose -375 = -u - n. Is u a prime number?
False
Let b be (-6 + 6 - -3) + -3254. Let w = 9356 - b. Is w composite?
True
Let x = 5416 - -23043. Is x a composite number?
True
Suppose -4*y - 5*x + 218968 = 0, -85*y + 83*y + 109494 = 5*x. Is y prime?
False
Is (-1122816)/(-5) - ((-182)/1820 - (-6)/20) composite?
False
Let r(f) = -193*f + 179. Suppose 11*k + 30 = -58. Is r(k) composite?
False
Suppose s + 5*x - 15 = 12, -5*x - 61 = -3*s. Suppose 2*v + s*p - 20*p - 33430 = 0, -5*p = -5*v + 83535. Is v prime?
False
Suppose 0 = 3*a - 5*q + 37, 5*a + 6*q = 2*q. Is (59/(-3))/((a/(-762))/(-2)) a composite number?
True
Let n(v) = 182*v + 23 + 16 - 93*v + 12. Is n(8) a composite number?
True
Let v = -5 - 4. Is 4*1538 - (11 - v)/(-4) a prime number?
False
Let a(h) = -159*h**3 + 8*h**2 - 11*h - 31. Let f(m) = 2*m**3 - m**2 + 1. Let u(g) = a(g) + 6*f(g). Is u(-6) prime?
False
Let x(f) = -3*f**3 + 148*f**2 + 27*f + 19. Is x(29) a prime number?
True
Let m(n) be the third derivative of n**5/60 + 7*n**4/24 + n**3/6 + 3*n**2 + 10. Suppose -6*t - 36 = -2*t. Is m(t) a prime number?
True
Let s = 1174749 - 351532. Is s composite?
True
Let i = -2587 + 8351. Suppose -7*k = -10*k - 9, 3*k = 5*h - i. Is h a composite number?
False
Let t(v) = -6 + 10*v**2 - 36*v**3 + 6*v - 44*v**3 + 43*v**3 - 1. Is t(-10) a composite number?
True
Let t be 2*(1 - 780/(-8)). Let v = t + 80. Suppose 4*k + 0*k - 4*r = 504, 2*k + 3*r - v = 0. Is k a composite number?
False
Suppose 10 = 2*a, -2*a + 5479 = 10*s - 9*s. Suppose 5*k = -2*u - 888 + 4534, 3*u = -3*k + s. Is u a composite number?
False
Let j(r) = -8 + 43*r**2 - 6*r - 29*r**2 - 15*r**2 - 34*r**3. Is j(-5) a composite number?
True
Let l = 13801 - -31060. Is l prime?
False
Let n = -66 - -64. Is (144/2)/(3 + n) - 3 prime?
False
Let s(d) be the second derivative of -25*d**3/6 - 19*d**2 + 2*d. Suppose 11*i + 8 = -25*i - 388. Is s(i) a prime number?
False
Suppose -7*f + 1616 = -771. Let c = f + -151. Let w = c - -957. Is w prime?
False
Let s be (-29 - -14)*(-1)/(-3). Let g be (-2 - 12/(-5))/((-1)/s). Suppose -618 = -2*y - 3*d + 8*d, 0 = g*y + 4*d - 636. Is y a prime number?
False
Suppose 78070839 + 32691896 = 85*a. Is a a composite number?
False
Let o(z) = 370*z + 1309. Is o(136) prime?
False
Let z = 349 + -348. Suppose 0 = 2*i - z - 1, -2*j + 39886 = -4*i. Is j a composite number?
True
Suppose -156*m = -154*m + 274. Let u = 391 + m. Is u composite?
True
Let o(x) = 411*x**3 + 18*x**2 - 60*x + 8. Let p be o(5). Let q = p + -20442. Is q composite?
False
Let q(m) = -m**2 + 13*m - 33. Let x be q(6). Suppose g = x*g - 169064. Is g prime?
False
Let r = 249 + -247. Suppose -3*z - r*g = -13781, -5*z = -5*g + 4*g - 22977. Is z a prime number?
False
Suppose -4*s = 3*y - 8, 1 = 8*s - 9*s. Suppose 0 = -5*c - 2*r + y, -5*r + r = -8. Is ((-5649)/(-9) - c)/((-1)/(-3)) a composite number?
True
Let v(d) be the second derivative of 11*d**5/20 + d**4/3 - d**3 + 4*d**2 + 32*d + 3. Is v(7) a prime number?
False
Suppose -25*g - 1472 = -27*g. Suppose 3*z + 3*r - 1092 = 0, -1463 = -5*z + z + 3*r. Let n = z + g. Is n prime?
False
Suppose -9*h - 1 = -10. Is (-6)/9*-13686 + 3/h prime?
True
Let q(p) = -p**3 + 6*p**2 + 11*p - 12. Let u be q(7). Let d(r) = -r**3 + 17*r**2 + 13*r + 23. Let x be d(u). Let t = 894 - x. Is t composite?
True
Let p = 339320 - 164941. Is p a composite number?
True
Suppose 0 = -4*g + g + 24. Suppose 17*u - 1413 = g*u. Is u a prime number?
True
Is (197641 - (13 + -8))*2/8 a composite number?
False
Let o(h) = 3*h**3 - 1. Let g(x) = -14*x**3 + 17*x**2 - 12*x + 14. Let w(r) = g(r) + 6*o(r). Is w(7) a composite number?
False
Is -5 + ((-72)/(-42))/(2/342678) prime?
False
Is 14734 + (-1 - 12/(-3)) - -4 a composite number?
False
Let t(h) = 2*h**2 + 12*h - 17. Let r(c) = c**3 - 6*c**2 + 2*c + 5. Let k be r(4). Let b = -31 - k. Is t(b) a composite number?
False
Let j = -16 + -25. Let z = j + 34. Let n(s) = -s**3 - 6*s**2 - 6*s - 6. Is n(z) prime?
False
Let q = 9 + -13. Let u(b) be the third derivative of 13*b**5/60 + b**4/4 + b**3/6 + 2*b**2 + 555*b. Is u(q) composite?
True
Let m be (-1)/(1178/392 - 3). Let p = -114 - m. Suppose 28*g + p = 29*g. Is g a composite number?
True
Let m = 92 + -91. Is (-32154)/(-23) + m + 0 a composite number?
False
Let z(j) = 2*j**3 + 25*j**2 + 3*j - 80. Let g be z(-12). Is (-4)/(-14) - (-330924)/g a composite number?
True
Let m be 8213 + 5/(-7) + 4/(-14). Let a = m - 258. Suppose 0 = 4*d + 30 - a. Is d a prime number?
False
Let y be 3 + 0 - (3 + -3). Suppose 3 = 4*q - q - 3*m, -5*q + 7 = -y*m. Suppose c - 243 = -q*t, -6*t + 2*t - 20 = 0. Is c a composite number?
True
Let w(q) = 1464*q - 563. Is w(4) a prime number?
False
Suppose -7*r = -12*r + 90. Is (6 + (-102)/r)*17277 composite?
True
Let m be -7*6/147 - (-23)/7. Suppose -m*f - 150 = -n - 39605, -2*n + 39467 = 3*f. Is f prime?
False
Let l be ((-185)/(-15))/(2 + 94/(-48)). Let c = -15 - 47. Let i = l - c. Is i a composite number?
True
Let b be (620/4)/(6 + -6 + -1). Is 150*b/(-40) + (-2)/8 prime?
False
Let m(o) = 12*o**2 + 7*o + 11. Let p be m(7). Let g = p + 1884. Suppose 0*t = -4*t + g. Is t a composite number?
True
Suppose 4*p = -p + 5*n + 70, 4*p - 59 = 5*n. Let s(u) = 893*u - 30. Is s(p) prime?
False
Let g(j) = -707*j - 131. Suppose 14 + 4 = -3*y. Is g(y) a prime number?
True
Let i = 89 - 87. Suppose -3*o = -5*n + 2*o + 6020, -4*n + i*o = -4810. Is n composite?
False
Suppose -16*l = -17*l + 4, 4*l = -4*x + 120. Is (1193 + 0)/(13/x) prime?
False
Suppose -6*r + 30 = -0. Let p be (28 - 3)/r + -2. Suppose -3*u - u = 5*c - 851, -p*c + 845 = 4*u. Is u prime?
False
Let u(p) = -p**2 - 1. Let s(x) = -45*x**2 - x + 6. Let b(n) = -s(n) - 4*u(n). Let c be b(1). Suppose -c*a = -44*a - 524. Is a p